{"id":14865,"date":"2021-10-27T21:20:45","date_gmt":"2021-10-27T19:20:45","guid":{"rendered":"https:\/\/chartedefontevraultprovidentialisme.wordpress.com\/?page_id=14865"},"modified":"2021-10-30T11:57:13","modified_gmt":"2021-10-30T09:57:13","slug":"sylmpedia-5-devotion-au-sacre-coeur-de-jesus","status":"publish","type":"page","link":"https:\/\/charte-fontevrault-providentialisme.fr\/index.php\/sylmpedia-5-devotion-au-sacre-coeur-de-jesus\/","title":{"rendered":"D\u00e9votion au Sacr\u00e9-Coeur de J\u00e9sus"},"content":{"rendered":"<h4>(Page en provenance du site <a href=\"http:\/\/www.sylmpedia.fr\/index.php?title=D%C3%A9votion_au_Sacr%C3%A9-Coeur_de_J%C3%A9sus\">Sylmpedia<\/a>)<\/h4>\n<h4 id=\"firstHeading\" class=\"firstHeading\">Cette d\u00e9votion est des points fondamentaux de l\u2019esp\u00e9rance des royalistes providentialistes, royalistes qui, plut\u00f4t que de servir un prince donn\u00e9, s&#8217;en remettent \u00e0 Dieu du point de savoir qui doit \u00eatre Son repr\u00e9sentant sur le tr\u00f4ne de France . Si les analyses qui lui sont consacr\u00e9es ci-dessous insistent \u00e0 bon droit sur le r\u00f4le jou\u00e9 par la religieuse visitandine Marguerite-Marie Alacoque (1647-1690) , ses fondements en sont plus anciens et sa post\u00e9rit\u00e9 plus \u00e9tendue. A ce propos, il est tout \u00e0 fait remarquable de consid\u00e9rer qu&#8217;apr\u00e8s avoir pr\u00e9sent\u00e9 sa demande de cons\u00e9cration de la France au Sacr\u00e9-Coeur au Roi de France, le Seigneur l&#8217;ait renouvell\u00e9 \u00e0 &#8230; la R\u00e9publique le 16 janvier 1916.<\/h4>\n<div id=\"bodyContent\" class=\"mw-body\">\n<div id=\"mw-content-text\" class=\"mw-content-ltr\" dir=\"ltr\" lang=\"fr\">\n<table id=\"toc\" class=\"toc\">\n<tbody>\n<tr>\n<td>\n<div id=\"toctitle\">\n<h2>Sommaire<\/h2>\n<\/div>\n<ul>\n<li class=\"toclevel-1 tocsection-1\"><a href=\"\/index.php\/sylmpedia-5-devotion-au-sacre-coeur-de-jesus\/#La_d.C3.A9votion_des_cordicoles_avant_Marguerite-Marie\"><span class=\"tocnumber\">1<\/span> <span class=\"toctext\">La d\u00e9votion des cordicoles avant Marguerite-Marie<\/span><\/a><\/li>\n<li class=\"toclevel-1 tocsection-2\"><a href=\"\/index.php\/sylmpedia-5-devotion-au-sacre-coeur-de-jesus\/#Marguerite-Marie.2C_la_sainte_du_Sacr.C3.A9-C.C5.93ur.\"><span class=\"tocnumber\">2<\/span> <span class=\"toctext\">Marguerite-Marie, la sainte du Sacr\u00e9-C\u0153ur.<\/span><\/a><\/li>\n<li class=\"toclevel-1 tocsection-3\"><a href=\"\/index.php\/sylmpedia-5-devotion-au-sacre-coeur-de-jesus\/#La_R.C3.A9volution_fran.C3.A7aise_et_les_al.C3.A9as_de_la_demande_du_Sacr.C3.A9-Coeur\"><span class=\"tocnumber\">3<\/span> <span class=\"toctext\">La R\u00e9volution fran\u00e7aise et les al\u00e9as de la demande du Sacr\u00e9-Coeur<\/span><\/a><\/li>\n<li class=\"toclevel-1 tocsection-4\"><a href=\"\/index.php\/sylmpedia-5-devotion-au-sacre-coeur-de-jesus\/#Une_nouvelle_demande_inaboutie.2C_et_non_authentifi.C3.A9e_.C3.A0_ce_jour_par_l.E2.80.99Eglise.2C_celle_de_Claire_Ferchaud_.281896-1972.29_au_pr.C3.A9sident_de_la_R.C3.A9publique_Poincar.C3.A9\"><span class=\"tocnumber\">4<\/span> <span class=\"toctext\">Une nouvelle demande inaboutie, et non authentifi\u00e9e \u00e0 ce jour par l\u2019Eglise, celle de Claire Ferchaud (1896-1972) au pr\u00e9sident de la R\u00e9publique Poincar\u00e9<\/span><\/a><\/li>\n<li class=\"toclevel-1 tocsection-5\"><a href=\"\/index.php\/sylmpedia-5-devotion-au-sacre-coeur-de-jesus\/#La_r.C3.A9ponse_.C3.A0_une_des_demandes_du_Sacr.C3.A9-C.C5.93ur_:_La_basilique_du_Sacr.C3.A9-C.C5.93ur_.C3.A0_Montmartre.\"><span class=\"tocnumber\">5<\/span> <span class=\"toctext\">La r\u00e9ponse \u00e0 une des demandes du Sacr\u00e9-C\u0153ur\u00a0: La basilique du Sacr\u00e9-C\u0153ur \u00e0 Montmartre.<\/span><\/a><\/li>\n<li class=\"toclevel-1 tocsection-6\"><a href=\"\/index.php\/sylmpedia-5-devotion-au-sacre-coeur-de-jesus\/#Bibliographie\"><span class=\"tocnumber\">6<\/span> <span class=\"toctext\">Bibliographie<\/span><\/a><\/li>\n<li class=\"toclevel-1 tocsection-7\"><a href=\"\/index.php\/sylmpedia-5-devotion-au-sacre-coeur-de-jesus\/#Lien_interne\"><span class=\"tocnumber\">7<\/span> <span class=\"toctext\">Lien interne<\/span><\/a><\/li>\n<li class=\"toclevel-1 tocsection-8\"><a href=\"\/index.php\/sylmpedia-5-devotion-au-sacre-coeur-de-jesus\/#Liens_externes\"><span class=\"tocnumber\">8<\/span> <span class=\"toctext\">Liens externes<\/span><\/a><\/li>\n<\/ul>\n<\/td>\n<\/tr>\n<\/tbody>\n<\/table>\n<h2><span id=\"La_d.C3.A9votion_des_cordicoles_avant_Marguerite-Marie\" class=\"mw-headline\">La d\u00e9votion des cordicoles avant Marguerite-Marie<\/span><\/h2>\n<p>Les adeptes de la v\u00e9n\u00e9ration du C\u0153ur de J\u00e9sus ou cordicoles reconnaisesnt en la bienheureuses moniale Gertrude de Helfta en saxe (1256-1301\/1302) la premi\u00e8re th\u00e9ologienne du C\u0153ur de J\u00e9sus. La famille royale de France commen\u00e7a aussi \u00e0 y jouer un r\u00f4le avec la fille de Louis XI Jeanne de Valois (1464-1505) femme r\u00e9pudi\u00e9e de Louis XII qui, dans la fondation qu\u2019elle fit de l\u2019ordre de l\u2019Annonciade n\u2019y oublia pas la d\u00e9votion au Sacr\u00e9-C\u0153ur . la cons\u00e9cration, le 10 f\u00e9vrier 1638, de la France \u00e0 la Vierge Marie par le roi Louis XIII (v\u0153u de Louis XIII) ouvrit \u00e0 notre pays une \u00e9blouissante p\u00e9riode spirituelle dans la ligne de la contre-reforme Parmi les voyantes qui ont annonc\u00e9 \u00e0 l&#8217;avance la naissance prochaine d&#8217;un dauphin, le futur Louis XIV.celui \u00e0 qui Marguerite-Marie allait tant demander\u00a0; Marguerite Parigot, en religion S\u0153ur Marguerite du Saint-Sacrement (1619-1648). Jena-Eudes(1601-1680) publie en 1648 sa D\u00e9votion au tr\u00e8s Saint C\u0153ur et au tr\u00e8s sacr\u00e9 Nom de la Bienheureuse Vierge Marie dont on connait l\u2019importance qu\u2019elle aura pour les Vend\u00e9ens lors des guerres de Vend\u00e9e un peu moins d\u2019un si\u00e8cle et demi plus tard.<\/p>\n<h2><span id=\"Marguerite-Marie.2C_la_sainte_du_Sacr.C3.A9-C.C5.93ur.\" class=\"mw-headline\">Marguerite-Marie, la sainte du Sacr\u00e9-C\u0153ur.<\/span><\/h2>\n<p>Marguerite-Marie qui est n\u00e9e \u00e0 Autun le 22 juillet 1647 entre au monast\u00e8re de la Visitation \u00e0 Paray-le-Monial le 20 juin 1671. Le 17 juin 1689 , la Visitandine re\u00e7oit du Sacr\u00e9-C\u0153ur le message suivant\u00a0: <i>Fais savoir au Fils a\u00een\u00e9 de mon sacr\u00e9 C\u0153ur (Louis XIV) que, comme sa naissance temporelle a \u00e9t\u00e9 obtenue par la d\u00e9votion aux m\u00e9rites de ma sainte Enfance, de m\u00eame il obtiendra sa naissance de gr\u00e2ce et de gloire \u00e9ternelle par la cons\u00e9cration qu&#8217;il fera de lui-m\u00eame \u00e0 mon C\u0153ur adorable, qui veut triompher du sien, et par son entremise, de celui des grands de la terre. Il veut r\u00e9gner dans son palais, \u00eatre peint dans ses \u00e9tendards et grav\u00e9 dans ses armes, pour les rendre victorieuses de tous ses ennemis, en abattant \u00e0 ses pieds ces t\u00eates orgueilleuses et superbes, pour le rendre victorieux de tous les ennemis de la sainte Eglise<\/i>. Marguerite-Marie reviendra le 15 septembre de la m\u00eame ann\u00e9e dans une lettre au pere Croiset , coll\u00e8gue de son directeur de conscience , le P\u00e8re de La Colombi\u00e8re, sur les avantages que le roi de France pourrait obtenir du Sacr\u00e9-C\u0153ur s\u2019il se soumettait \u00e0 Sa volont\u00e9\u00a0:<i> je vous avoue qu&#8217;il me semble que cette d\u00e9votion servirait d&#8217;une grande protection \u00e0 la personne de notre roi et pourrait bien donner d&#8217;heureux succ\u00e8s \u00e0 ses armes et lui procurer de grandes victoires. Mais ce n&#8217;est pas \u00e0 moi de dire cela\u00a0: il faut laisser agir la puissance de cet adorable C\u0153ur.<\/i> Un peu plus d\u2019un an apr\u00e8s ces \u00e9v\u00e9nements, Marguerite-Marie rendait son \u00e2me \u00e0 Dieu. Soit que le confesseur du roi Louis XIV, le P\u00e9re Lachaise ne transmit pas le message, soit que le roi ne souhaita pas y d\u00e9ferer , le Sacr\u00e9-C\u0153ur ne \u00ab\u00a0r\u00e9gna \u00ab\u00a0 pas dans les \u00ab\u00a0palais royaux\u00a0\u00bben France. Pourtant le roi de France n\u2019\u00e9tait pas indiff\u00e9rent \u00e0 cette d\u00e9votion puisqu\u2019ilavait donn\u00e9 \u00e0 Jean- Eudes 14.000 livres aux fins de construire \u00e0 Caen de la premi\u00e8re \u00e9glise \u00e9rig\u00e9e au Sacr\u00e9-Coeur. Le r\u00e8gne suivant , Marie Leczinska, \u00e9pouse de Louis XV, appuya la demande d\u2019instauration une f\u00eate officielle du Sacr\u00e9- C\u0153ur, avec messe propre, fut obtenue.<\/p>\n<h2><span id=\"La_R.C3.A9volution_fran.C3.A7aise_et_les_al.C3.A9as_de_la_demande_du_Sacr.C3.A9-Coeur\" class=\"mw-headline\">La R\u00e9volution fran\u00e7aise et les al\u00e9as de la demande du Sacr\u00e9-Coeur<\/span><\/h2>\n<p>Tr\u00e8s \u00e9trangement ,et, il est peut-\u00eatre difficile de ne voir l\u00e0 qu&#8217;une co\u00efncidence, ce f\u00fbt le 17 juin 1789, soit un si\u00e8cle jour apr\u00e8s jour la demande transmise par Marguerite-Marie que , \u00e0 la demande de l\u2019Abb\u00e9 Sieyes, les Etats-g\u00e9n\u00e9raux se proclam\u00e8rent Assembl\u00e9e nationale\u00a0; la r\u00e9volution (pacifique) \u00e9tait faite \u2026 Ce n\u2019est qu\u2019une fois que les \u00e9v\u00e9nements r\u00e9volutionnaires aient commenc\u00e9 que le roi Louis XVI fit sa cons\u00e9cration personnelle au Sacr\u00e9-C\u0153ur mais il \u00e9tait malheureusement hors de ses possibilit\u00e9s de faire alors apposer le Sacr\u00e9-C\u0153ur sur les insignes nationaux. A en croire une des visions re\u00e7ues Marie-Julie Jahenny en 1877\u00a0; le Ciel aurait pourtant agr\u00e9\u00e9 cette cons\u00e9cration d\u2019un roi qui n\u2019\u00e9tait plus gu\u00e8re libre de ces mouvements.<\/p>\n<h2><span id=\"Une_nouvelle_demande_inaboutie.2C_et_non_authentifi.C3.A9e_.C3.A0_ce_jour_par_l.E2.80.99Eglise.2C_celle_de_Claire_Ferchaud_.281896-1972.29_au_pr.C3.A9sident_de_la_R.C3.A9publique_Poincar.C3.A9\" class=\"mw-headline\">Une nouvelle demande inaboutie, et non authentifi\u00e9e \u00e0 ce jour par l\u2019Eglise, celle de Claire Ferchaud (1896-1972) au pr\u00e9sident de la R\u00e9publique Poincar\u00e9<\/span><\/h2>\n<p>Dat\u00e9e du 16 janvier 1916, en pleine guerre mondiale, donc, elle reprend ce que Marguerite-Marie avait transmis mais cette fois c\u2019est au pr\u00e9sident de la R\u00e9publique qu\u2019il est d\u00e9clar\u00e9 \u00ab\u00a0\u2026 J\u00e9sus veut sauver la France et les Alli\u00e9s, et c\u2019est par vous, Monsieur le Pr\u00e9sident que le Ciel veut agir, si vous \u00eates docile \u00e0 la voix divine\u2019 . Mais le pr\u00e9sident Poincar\u00e9 ne bougea pas. Le 7 mai 1917, Claire reformula sa demande aupr\u00e8s de quatorze g\u00e9n\u00e9raux d\u2019arm\u00e9e afin que l&#8217;image du Sacr\u00e9-C\u0153ur, signe d&#8217;esp\u00e9rance et de salut, brille officiellement sur nos couleurs nationales \u2026 La r\u00e9ponse ne fut qu\u2019individuelle mais atteint une ampleur suffisante pour qu&#8217;une circulaire du minist\u00e8re de la Guerre du 6 ao\u00fbt 1917 en interdise l\u2019apposition sur les tenues et \u00e9tendards.<\/p>\n<h2><span id=\"La_r.C3.A9ponse_.C3.A0_une_des_demandes_du_Sacr.C3.A9-C.C5.93ur_:_La_basilique_du_Sacr.C3.A9-C.C5.93ur_.C3.A0_Montmartre.\" class=\"mw-headline\">La r\u00e9ponse \u00e0 une des demandes du Sacr\u00e9-C\u0153ur\u00a0: La basilique du Sacr\u00e9-C\u0153ur \u00e0 Montmartre.<\/span><\/h2>\n<p>Le 2 d\u00e9cembre 1870 ce fut la bataille de Loigny contre les prussiens . Partis de Patay , \u00e0 peu de distance au nord-ouest d\u2019Orl\u00e9ans , le g\u00e9n\u00e9ral Gaston de Sonis (1825-1887) et le colonel de Charette \u00e0 la t\u00eate des Volontaires de l&#8217;Ouest, placent le Sacr\u00e9-C\u0153ur au c\u0153ur de la m\u00e9l\u00e9e en l\u2019apposant sur leurs uniformes et \u00e9tendarts. La transformation de l&#8217;op\u00e9ra de Paris &#8230; en basilique du Sacr\u00e9-coeur n&#8217;ayant pas abouti, une \u00e9tape suppl\u00e9mentaire fut franchie d\u00e9but 1871 avec le \u00ab\u00a0V\u0153u national au Sacr\u00e9-C\u0153ur de J\u00e9sus pour obtenir la d\u00e9livrance du Souverain Pontife et le salut de la France.<i> Nous promettons \u2026 de contribuer selon nos moyens \u00e0 l&#8217;\u00e9rection, \u00e0 Paris, d&#8217;une \u00e9glise consacr\u00e9e au Sacr\u00e9 C\u0153ur de J\u00e9sus, \u00e9rection qui sera demand\u00e9e \u00e0 l&#8217;autorit\u00e9 eccl\u00e9siastique comp\u00e9tente.<\/i>\u00a0\u00bb La basilique du Sacr\u00e9-C\u0153ur sera consacr\u00e9e en 1919. Pour autant, la tumultueuse histoire des relations du Sacr\u00e9-Coeur avec la France n&#8217;\u00e9tait pas termin\u00e9e&#8230; ni peut-\u00eatre m\u00eame apais\u00e9e. Le 21 juin 1923 , la S\u0153ur Marie de J\u00e9sus, religieuse de la Congr\u00e9gation Notre-Dame (chanoinesses de Saint-Augustin) au Couvent des Oiseaux \u00e0 Paris re\u00e7oit confirmation des demandes ant\u00e9rieures adress\u00e9es \u00e0 Marguerite-Marie\u00ab\u00a0<i>La France est toujours bien ch\u00e8re \u00e0 mon divin C\u0153ur, et elle lui sera consacr\u00e9e<\/i>. <i><b>Mais il faut que ce soit le Roi lui-m\u00eame qui consacre sa personne, sa famille et tout son royaume \u00e0 mon divin C\u0153ur<\/b>; et qu&#8217;il lui fasse, comme je t&#8217;ai d\u00e9j\u00e0 dit, \u00e9lever un autel comme on en a \u00e9lev\u00e9 un en l&#8217;honneur de la Sainte Vierge. Je pr\u00e9pare \u00e0 la France un d\u00e9luge de gr\u00e2ces lorsqu&#8217;elle sera consacr\u00e9e \u00e0 mon divin C\u0153ur.<\/i><\/p>\n<h2><span id=\"Bibliographie\" class=\"mw-headline\">Bibliographie<\/span><\/h2>\n<p>[ M. de la Franquerie, Le Sacr\u00e9-C\u0153ur et la France, Montsurs, Ed. R\u00e9siac, 1988. [Ascendances davidiques des Rois de France et leur parent\u00e9 avec Notre-Seigneur J\u00e9sus-Christ, Marie et Joseph\u201d par Monsieur le Marquis de la Franquerie.<\/p>\n<h2><span id=\"Lien_interne\" class=\"mw-headline\">Lien interne<\/span><\/h2>\n<ul>\n<li><a title=\"Royalisme providentialiste\" href=\"http:\/\/www.sylmpedia.fr\/index.php?title=Royalisme_providentialiste\">Royalisme providentialiste<\/a><\/li>\n<\/ul>\n<h2><span id=\"Liens_externes\" class=\"mw-headline\">Liens externes<\/span><\/h2>\n<ul>\n<li><a class=\"external autonumber\" href=\"http:\/\/gallia-catholica.blogspot.fr\/2008\/03\/le-voeu-de-louis-xiii.html\" rel=\"nofollow\">[1]<\/a>: La Gaule et la France chr\u00e9tienne et catholique &#8211; regnum Galliae, regnum Mariae.<\/li>\n<li><a class=\"external autonumber\" href=\"http:\/\/www.spiritualite-chretienne.com\/s_coeur\/\" rel=\"nofollow\">[2]<\/a>\u00a0: La d\u00e9votion au Sacr\u00e9-C\u0153ur, r\u00e9sum\u00e9 historique et th\u00e9ologique (Etude irrempla\u00e7able).<\/li>\n<li><a class=\"external autonumber\" href=\"http:\/\/www.spiritualite-chretienne.com\/s_coeur\/chrono_d3.html\/\" rel=\"nofollow\">[3]<\/a>\u00a0: Demande du Sacr\u00e9-C\u0153ur \u00e0 Marguerite-Marie.<\/li>\n<li><a class=\"external autonumber\" href=\"http:\/\/trinite.1.free.fr\/vos_infos\/claire_ferchaud.pdf\/\" rel=\"nofollow\">[4]<\/a>\u00a0: le Sacr\u00e9-C\u0153ur de J\u00e9sus et la France. Claire Ferchaud (1896-1972).<\/li>\n<li><a class=\"external autonumber\" href=\"http:\/\/leblogdumesnil.unblog.fr\/2011\/01\/20\/2011-7-voeu-par-lequel-louis-xvi-a-devoue-sa-personne-sa-famille-et-tout-son-royaume-au-sacre-coeur-de-jesus\/\" rel=\"nofollow\">[5]<\/a>\u00a0: le Blogue du Mesnil-Marie.Texte du v\u0153u du roi Louis XVI.<\/li>\n<li><a class=\"external autonumber\" href=\"http:\/\/fr.metapedia.org\/wiki\/Claire_Ferchaud\/\" rel=\"nofollow\">[6]<\/a>\u00a0: Biographie de Claire Ferchaud.<\/li>\n<li><a class=\"external autonumber\" href=\"http:\/\/fr.wikipedia.org\/wiki\/Bataille_de_Loigny\/\" rel=\"nofollow\">[7]<\/a>\u00a0: Citations du g\u00e9n\u00e9ral de Sonis.<\/li>\n<li><a class=\"external autonumber\" href=\"http:\/\/www.persee.fr\/web\/revues\/home\/prescript\/article\/rvart_0035-1326_1988_num_82_1_347747#\/\" rel=\"nofollow\">[8]<\/a>\u00a0: L&#8217;op\u00e9ra de Paris transform\u00e9 en Sacr\u00e9-Coeur (Projet).<\/li>\n<li><a class=\"external autonumber\" href=\"http:\/\/ccrh.revues.org\/index2513.html\/\" rel=\"nofollow\">[9]<\/a>\u00a0: Du voeu royal au voeu national.<\/li>\n<\/ul>\n<\/div>\n<div id=\"catlinks\" class=\"catlinks\">\n<div id=\"mw-normal-catlinks\" class=\"mw-normal-catlinks\">\n<p><a title=\"Sp\u00e9cial:Cat\u00e9gories\" href=\"http:\/\/www.sylmpedia.fr\/index.php?title=Sp%C3%A9cial:Cat%C3%A9gories\">Cat\u00e9gories<\/a>\u00a0:<\/p>\n<ul>\n<li><a title=\"Cat\u00e9gorie:Royalisme fran\u00e7ais\" href=\"http:\/\/www.sylmpedia.fr\/index.php?title=Cat%C3%A9gorie:Royalisme_fran%C3%A7ais\">Royalisme fran\u00e7ais<\/a><\/li>\n<li><a title=\"Cat\u00e9gorie:Organisations monarchistes fran\u00e7aises\" href=\"http:\/\/www.sylmpedia.fr\/index.php?title=Cat%C3%A9gorie:Organisations_monarchistes_fran%C3%A7aises\">Organisations monarchistes fran\u00e7aises<\/a><\/li>\n<li><a title=\"Cat\u00e9gorie:Providentialisme\" href=\"http:\/\/www.sylmpedia.fr\/index.php?title=Cat%C3%A9gorie:Providentialisme\">Providentialisme<\/a><\/li>\n<li><a title=\"Cat\u00e9gorie:Rois de France\" href=\"http:\/\/www.sylmpedia.fr\/index.php?title=Cat%C3%A9gorie:Rois_de_France\">Rois de France<\/a><\/li>\n<li><a title=\"Cat\u00e9gorie:Louis XV\" href=\"http:\/\/www.sylmpedia.fr\/index.php?title=Cat%C3%A9gorie:Louis_XV\">Louis XV<\/a><\/li>\n<\/ul>\n<\/div>\n<\/div>\n<\/div>\n","protected":false},"excerpt":{"rendered":"<p>(Page en provenance du site Sylmpedia) Cette d\u00e9votion est des points fondamentaux de l\u2019esp\u00e9rance des royalistes providentialistes, royalistes qui, plut\u00f4t que de servir un prince donn\u00e9, s&#8217;en remettent \u00e0 Dieu&#8230; <a href=\"https:\/\/charte-fontevrault-providentialisme.fr\/index.php\/sylmpedia-5-devotion-au-sacre-coeur-de-jesus\/\">Cliquez pour lire davantage &raquo;<\/a><\/p>\n","protected":false},"author":5,"featured_media":0,"parent":0,"menu_order":0,"comment_status":"closed","ping_status":"closed","template":"","meta":{"footnotes":""},"class_list":["post-14865","page","type-page","status-publish","hentry"],"_links":{"self":[{"href":"https:\/\/charte-fontevrault-providentialisme.fr\/index.php\/wp-json\/wp\/v2\/pages\/14865","targetHints":{"allow":["GET"]}}],"collection":[{"href":"https:\/\/charte-fontevrault-providentialisme.fr\/index.php\/wp-json\/wp\/v2\/pages"}],"about":[{"href":"https:\/\/charte-fontevrault-providentialisme.fr\/index.php\/wp-json\/wp\/v2\/types\/page"}],"author":[{"embeddable":true,"href":"https:\/\/charte-fontevrault-providentialisme.fr\/index.php\/wp-json\/wp\/v2\/users\/5"}],"replies":[{"embeddable":true,"href":"https:\/\/charte-fontevrault-providentialisme.fr\/index.php\/wp-json\/wp\/v2\/comments?post=14865"}],"version-history":[{"count":4,"href":"https:\/\/charte-fontevrault-providentialisme.fr\/index.php\/wp-json\/wp\/v2\/pages\/14865\/revisions"}],"predecessor-version":[{"id":43727,"href":"https:\/\/charte-fontevrault-providentialisme.fr\/index.php\/wp-json\/wp\/v2\/pages\/14865\/revisions\/43727"}],"wp:attachment":[{"href":"https:\/\/charte-fontevrault-providentialisme.fr\/index.php\/wp-json\/wp\/v2\/media?parent=14865"}],"curies":[{"name":"wp","href":"https:\/\/api.w.org\/{rel}","templated":true}]}}