{"id":15911,"date":"2017-09-03T17:58:22","date_gmt":"2017-09-03T17:58:22","guid":{"rendered":"https:\/\/chartedefontevraultprovidentialisme.wordpress.com\/?page_id=15911"},"modified":"2017-09-03T17:58:22","modified_gmt":"2017-09-03T17:58:22","slug":"faire-un-don-a-la-charte","status":"publish","type":"page","link":"https:\/\/charte-fontevrault-providentialisme.fr\/index.php\/faire-un-don-a-la-charte\/","title":{"rendered":"0-FAIRE UN DON A LA CHARTE DE FONTEVRAULT (3 possibilit\u00e9s)"},"content":{"rendered":"<p><span style=\"color:#008000;\"><strong>I.<\/strong> Faites un <span style=\"color:#ff00ff;\">ch\u00e8que<\/span>\u00a0 \u00e0 l&#8217;ordre et \u00e0 l&#8217;adresse de la Charte de Fontevrault . BP 1146. 87052 LIMOGES CEDEX.<\/span><\/p>\n<p><strong>II<\/strong> .<span style=\"color:#008000;\">Connectez -vous \u00e0 votre banque\u00a0 ou rendez\u00a0 vous \u00e0 votre agence banquaire ( y compris les bureaux de poste si\u00a0 vous disposez d&#8217;un C.C.P.)\u00a0 pour y effectuer un <span style=\"color:#ff00ff;\">virement<\/span>\u00a0 du montant \u00a0 que\u00a0 vous nous destinez : cf IBAN\u00a0 ci-dessous<\/span>.<\/p>\n<p><span style=\"color:#ff00ff;\">CHARTE DE FONTEVRAULT<\/span><\/p>\n<p><span style=\"color:#ff00ff;\">FR49\u00a0 2004\u00a0 1010\u00a0 0605\u00a0 6363\u00a0 8B02\u00a0 766<\/span><\/p>\n<p><span style=\"color:#008000;\"><strong>III.<\/strong>\u00a0 Pour apportez une aide\u00a0 \u00e0 la Charte de Fontevrault via <span style=\"color:#ff00ff;\">Pay Pal<\/span> <\/span><\/p>\n<p><span style=\"color:#008000;\">Sur la page d&#8217;ouverture du Blog de la Charte de Fontevrault<\/span> <span style=\"color:#0000ff;\">https:\/\/chartedefontevraultprovidentialisme.wordpress.com<\/span><\/p>\n<p><span style=\"color:#008000;\">sur la premi\u00e8re ligne de texte en-dessous des armoiries de la Charte -Escarboucle fleurde lys\u00e9e charg\u00e9e\u00a0 en son centre du Sacr\u00e9-Coeur) \u00a0 cliquez sur &#8220;<em>Faire\u00a0 un don&#8221;<\/em>, puis laissez-vous guider par les consignes qui apparaissent sur l&#8217;\u00e9cran.<\/span><a class=\"vx_text-6\" href=\"https:\/\/www.paypal.com\/paypalme\/my\/profile\" name=\"share\"><\/a><\/p>\n<h2><span style=\"color:#ff6600;\">Nous vous en remercions par avance.<br \/>\n<\/span><\/h2>\n","protected":false},"excerpt":{"rendered":"<p>I. Faites un ch\u00e8que\u00a0 \u00e0 l&#8217;ordre et \u00e0 l&#8217;adresse de la Charte de Fontevrault . BP 1146. 87052 LIMOGES CEDEX. II .Connectez -vous \u00e0 votre banque\u00a0 ou rendez\u00a0 vous \u00e0&#8230; <a href=\"https:\/\/charte-fontevrault-providentialisme.fr\/index.php\/faire-un-don-a-la-charte\/\">Cliquez pour lire davantage &raquo;<\/a><\/p>\n","protected":false},"author":5,"featured_media":0,"parent":0,"menu_order":0,"comment_status":"closed","ping_status":"closed","template":"","meta":{"footnotes":""},"class_list":["post-15911","page","type-page","status-publish","hentry"],"_links":{"self":[{"href":"https:\/\/charte-fontevrault-providentialisme.fr\/index.php\/wp-json\/wp\/v2\/pages\/15911","targetHints":{"allow":["GET"]}}],"collection":[{"href":"https:\/\/charte-fontevrault-providentialisme.fr\/index.php\/wp-json\/wp\/v2\/pages"}],"about":[{"href":"https:\/\/charte-fontevrault-providentialisme.fr\/index.php\/wp-json\/wp\/v2\/types\/page"}],"author":[{"embeddable":true,"href":"https:\/\/charte-fontevrault-providentialisme.fr\/index.php\/wp-json\/wp\/v2\/users\/5"}],"replies":[{"embeddable":true,"href":"https:\/\/charte-fontevrault-providentialisme.fr\/index.php\/wp-json\/wp\/v2\/comments?post=15911"}],"version-history":[{"count":1,"href":"https:\/\/charte-fontevrault-providentialisme.fr\/index.php\/wp-json\/wp\/v2\/pages\/15911\/revisions"}],"predecessor-version":[{"id":43825,"href":"https:\/\/charte-fontevrault-providentialisme.fr\/index.php\/wp-json\/wp\/v2\/pages\/15911\/revisions\/43825"}],"wp:attachment":[{"href":"https:\/\/charte-fontevrault-providentialisme.fr\/index.php\/wp-json\/wp\/v2\/media?parent=15911"}],"curies":[{"name":"wp","href":"https:\/\/api.w.org\/{rel}","templated":true}]}}